8?
163
In base 11, what is -624 + -1?
-625
In base 7, what is 2 + 0?
2
In base 6, what is 2041 - 1?
2040
In base 2, what is 10010000001011 + -11?
10010000001000
In base 16, what is -5 - 2e6?
-2eb
In base 7, what is 1 + 203?
204
In base 4, what is 132333 - -11?
133010
In base 6, what is -111 - -50?
-21
In base 15, what is 1ce + 5?
1d4
In base 11, what is 2 + 1535?
1537
In base 8, what is -3 + 142?
137
In base 13, what is 5 - -65?
6a
In base 16, what is 0 - 51?
-51
In base 14, what is -d9 - 9?
-104
In base 12, what is -a7 - 22?
-109
In base 11, what is 5 - -60?
65
In base 6, what is 35 + 5?
44
In base 10, what is 18 + 244?
262
In base 7, what is -45 + -323?
-401
In base 11, what is 361 - 2?
35a
In base 16, what is daa - -1?
dab
In base 13, what is 1bb - 0?
1bb
In base 2, what is 100110100 + 1001?
100111101
In base 12, what is -2226 + -3?
-2229
In base 5, what is 4 + 1220?
1224
In base 8, what is -15 + -1?
-16
In base 5, what is 4 - 123231?
-123222
In base 10, what is -8496 - 1?
-8497
In base 3, what is 0 - -222000?
222000
In base 3, what is -21 + -1002?
-1100
In base 2, what is -1011 + 10001111?
10000100
In base 15, what is 2551 + 1?
2552
In base 9, what is -3 + 173?
170
In base 9, what is 12 - 17?
-5
In base 3, what is 11 + -201?
-120
In base 14, what is -2b5 - a?
-2c1
In base 16, what is 50 - 6?
4a
In base 14, what is 1 - -d5?
d6
In base 7, what is -6 + -634?
-643
In base 15, what is -2e - 7?
-36
In base 14, what is b97 - 3?
b94
In base 15, what is -3 + -9b?
-9e
In base 8, what is 7 + -1625?
-1616
In base 15, what is 4 - 16?
-12
In base 15, what is -a - 36?
-41
In base 13, what is 5c + -1?
5b
In base 16, what is -da - 5?
-df
In base 5, what is -2 - 112242?
-112244
In base 15, what is 3 + -2b?
-28
In base 11, what is 80 + 1?
81
In base 14, what is 0 + -45?
-45
In base 3, what is 0 - 220021?
-220021
In base 6, what is -2335 + -4?
-2343
In base 12, what is -18 + 4b?
33
In base 4, what is 203 - -210?
1013
In base 5, what is -41 - 22?
-113
In base 9, what is -38 - 5?
-44
In base 14, what is -6 + -504?
-50a
In base 13, what is 7 - 144?
-13a
In base 14, what is -4d - -23?
-2a
In base 13, what is -25 - 5?
-2a
In base 3, what is -11 + 11011201?
11011120
In base 14, what is 26 - 1c?
8
In base 12, what is 3 - 1b3?
-1b0
In base 4, what is 132013 + -13?
132000
In base 13, what is -4 - -41b?
417
In base 16, what is 5 + 16?
1b
In base 9, what is -1333 - 0?
-1333
In base 7, what is 42 + -10?
32
In base 13, what is 1265 + 3?
1268
In base 9, what is 243 - -17?
261
In base 12, what is 5 + -999?
-994
In base 2, what is 1001010 + 100?
1001110
In base 4, what is -2020 + 103?
-1311
In base 13, what is -1453 - 5?
-1458
In base 16, what is f4 - -3b?
12f
In base 4, what is -102 - -3?
-33
In base 12, what is -3 + -6?
-9
In base 6, what is 352 - -30?
422
In base 12, what is 8481 - -1?
8482
In base 8, what is 6 + -123?
-115
In base 10, what is -87 + 9?
-78
In base 6, what is -35 - 33?
-112
In base 11, what is 1a - -102?
121
In base 5, what is 404 + 2?
411
In base 15, what is 17 + -5?
12
In base 11, what is -16 + 30?
15
In base 15, what is -7d6 + -2?
-7d8
In base 8, what is -773 + 103?
-670
In base 16, what is -4f - 3?
-52
In base 2, what is -1011110 - 101?
-1100011
In base 12, what is -6627 + 5?
-6622
In base 13, what is 5 + a?
12
In base 13, what is -4 - 128?
-12c
In base 4, what is 11322 + 2?
11330
In base 3, what is -221102 - 10?
-221112
In base 12, what is 29 - 20?
9
In base 16, what is 0 - -a43?
a43
In base 3, what is -10 + 12010100?
12010020
In base 4, what is -1010 + 10?
-1000
In base 4, what is -111 + 11130?
11013
In base 14, what is -5 - 4c7?
-4cc
In base 5, what is 0 - 3032?
-3032
In base 3, what is 12 + -12011?
-11222
In base 16, what is 132b + 1?
132c
In base 14, what is 78 + -4?
74
In base 12, what is -14 + 273?
25b
In base 10, what is -6 + -247?
-253
In base 8, what is -4 + 100?
74
In base 14, what is -1528 + -5?
-152d
In base 5, what is 1033 - -20?
1103
In base 16, what is 4 - -21?
25
In base 16, what is -1 + 6a8?
6a7
In base 7, what is 3 + 52?
55
In base 8, what is -4 - 1175?
-1201
In base 13, what is -c - -1?
-b
In base 15, what is -29d1 + 1?
-29d0
In base 5, what is 10104 + -1?
10103
In base 4, what is -13 + -11132?
-11211
In base 2, what is 11101101010010 - 101?
11101101001101
In base 2, what is 1110100001110 + -101?
1110100001001
In base 15, what is 0 - 86?
-86
In base 10, what is 1 + 27?
28
In base 2, what is 10000101100 - 101?
10000100111
In base 4, what is 2102 - -1?
2103
In base 2, what is -11011110 + -101?
-11100011
In base 14, what is 262 + -5?
25b
In base 10, what is 56 - -5?
61
In base 11, what is 734 - -5?
739
In base 8, what is 124 - 7?
115
In base 11, what is -4548 - 4?
-4551
In base 14, what is 1a - 14?
6
In base 4, what is -202001 + -2?
-202003
In base 2, what is 11 + -110100?
-110001
In base 11, what is 0 - -634?
634
In base 15, what is 0 - 3c?
-3c
In base 5, what is 10303 + -34?
10214
In base 3, what is 1 + 20112?
20120
In base 9, what is -483 - -17?
-465
In base 11, what is 2 + -58?
-56
In base 4, what is -20130 - 21?
-20211
In base 6, what is -50 - 1?
-51
In base 15, what is 2 - -3?
5
In base 2, what is 1110011 + 101?
1111000
In base 13, what is b3a + -4?
b36
In base 3, what is 1012020 - -12?
1012102
In base 7, what is -666 - 34?
-1033
In base 15, what is -9b - 45?
-e1
In base 6, what is -4 + 130?
122
In base 9, what is 6 - 821?
-814
In base 5, what is 1000202 - 2?
1000200
In base 8, what is 74015 - 3?
74012
In base 12, what is 5 + -31?
-28
In base 6, what is -2102 - 5?
-2111
In base 2, what is 100 - 100001011011?
-100001010111
In base 8, what is -102 + 1?
-101
In base 9, what is 5 + -571?
-565
In base 15, what is 3 + -29d?
-29a
In base 14, what is -1d95 + -1?
-1d96
In base 15, what is 5 - -1b4?
1b9
In base 15, what is 4 + 19?
1d
In base 15, what is -442 + 2?
-440
In base 2, what is 101 + 1011110000?
1011110101
In base 5, what is 10 + 104?
114
In base 13, what is 6c93 + 3?
6c96
In base 11, what is 0 - 1375?
-1375
In base 15, what is -5 - -2?
-3
In base 7, what is -1 + -166?
-200
In base 4, what is 11 - -10031?
10102
In base 2, what is -1010 - -1111011?
1110001
In base 12, what is 3842 - 0?
3842
In base 13, what is -36c + 3?
-369
In base 13, what is -103 + 5?
-cb
In base 7, what is -5 - 1255?
-1263
In base 3, what is -112112 + -11?
-112200
In base 16, what is c - -bd?
c9
In base 4, what is -103 + 1311?
1202
In base 10, what is 5 + -19?
-14
In base 6, what is -111 - 223?
-334
In base 14, what is -2 - -73?
71
In base 9, what is 1132 - 3?
1128
In base 10, what is -45 - 2?
-47
In base 3, what is 11121120 - 0?
11121120
In base 10, what is 17 - 985?
-968
In base 10, what is -657 + -7?
-664
In base 5, what is -4 - -11020?
11011
In base 9, what is -78 - 4?
-83
In base 9, what is 3 + -11?
-7
In base 6, what is -105 + -4?
-113
In base 7, what is -4 - -2?
-2
In base 6, what is 43 - 40?
3
In base 10, what is -2435 + 3?
-2432
In base 6, what is -201 - -5?
-152
In base 4, what is 10 + -1333?
-1323
In base 7, what is 121 + -222?
-101
In base 15, what is -2 + 651?
64e
In base 6, what is 22 + 33?
55
In base 5, what is 3 - 444?
-441
In base 2, what is 0 - -100010010001?
100010010001
In base 8, what is -1045 + 4?
-1041
In base 10, what is -5 + 393?
388
In base 8, what is -412 - 6?
-420
In base 8, what is -7 - 37?
-46
In base 3, what is -211 + 2220?
2002
In base 8, what is 2 - -33?
35
In base 11, what is 2a2 + 32?
324
In base 16, what is 71 - -1e?
8f
In base 4, what is 20 - -131?
211
In base 5, what is 300102 - 1?
300101
In base 10, what is -455 - -20?
-435
In base 7, what is -4 - 64?
-101
In base 15, what is -5 + 45?
40
In base 10, what is 37 + -3?
34
In base 14, what is 5783 - -5?
5788
In base 2, what is -100 + 10000?
1100
In base 14, what is -4 + -4dd?
-503
In base 15, what is 77 - 15?
62
In base 10, what is 5 + -4?
1
In base 16, what is -46 + 0?
-46
In base 4, what is -23 + 2313?
2230
In base 12, what is -3 + -872?
-875
In base 7, what is -560 + 11?
-546
In base 7, what is -110 - -2?
-105
In base 15, what is -16 - aa?
-c1
In base 11, what is 1579 + -4?
1575
In base 6, what is -2 - 135?
-141
In base 14, what is -2738 - 5?
-273d
In base 7, what is -106 - -166?
60
In base 4, what is 102011 + 0?
102011
In base 9, what is -5 - 103?
-108
In base 4, what